on divisor of 10 and 20?
10
What is the greatest common factor of 160 and 140?
20
What is the highest common divisor of 5871 and 19?
19
Calculate the highest common divisor of 4056 and 12.
12
What is the highest common divisor of 68 and 629?
17
Calculate the highest common divisor of 672 and 6816.
96
Calculate the highest common divisor of 7 and 5803.
7
What is the highest common divisor of 675 and 1215?
135
What is the highest common factor of 99 and 126?
9
What is the highest common divisor of 252 and 108?
36
Calculate the highest common divisor of 51 and 3230.
17
Calculate the greatest common factor of 578 and 34.
34
Calculate the greatest common factor of 30 and 1965.
15
What is the highest common divisor of 15 and 3405?
15
What is the greatest common factor of 357 and 252?
21
Calculate the greatest common factor of 10 and 1270.
10
What is the highest common factor of 10668 and 147?
21
What is the highest common factor of 94 and 1081?
47
What is the greatest common divisor of 460 and 5?
5
What is the highest common factor of 14 and 182?
14
What is the highest common factor of 380 and 1026?
38
What is the highest common factor of 5 and 155?
5
Calculate the greatest common factor of 63 and 846.
9
What is the highest common divisor of 1166 and 212?
106
What is the greatest common divisor of 52143 and 273?
273
What is the highest common factor of 7 and 483?
7
What is the highest common factor of 79 and 4187?
79
What is the highest common divisor of 512 and 16?
16
What is the greatest common divisor of 48 and 12468?
12
Calculate the greatest common divisor of 93 and 124.
31
Calculate the highest common divisor of 24 and 12.
12
Calculate the greatest common divisor of 48 and 42.
6
Calculate the greatest common factor of 170 and 935.
85
What is the greatest common divisor of 27 and 40041?
27
Calculate the greatest common factor of 696 and 7134.
174
What is the greatest common factor of 380 and 1045?
95
What is the highest common divisor of 2520 and 20?
20
What is the highest common factor of 2345 and 134?
67
Calculate the highest common divisor of 2203 and 1.
1
Calculate the highest common divisor of 860 and 4214.
86
Calculate the highest common divisor of 350 and 1120.
70
Calculate the highest common factor of 121 and 88.
11
Calculate the greatest common divisor of 64 and 40.
8
What is the greatest common divisor of 19 and 6?
1
What is the highest common divisor of 279 and 186?
93
Calculate the highest common divisor of 1472 and 23.
23
What is the greatest common factor of 24 and 4056?
24
What is the highest common factor of 84 and 1372?
28
Calculate the greatest common factor of 46 and 414.
46
Calculate the highest common divisor of 5291 and 429.
143
Calculate the highest common factor of 1824 and 1008.
48
Calculate the highest common divisor of 128 and 3232.
32
What is the greatest common divisor of 69 and 6693?
69
What is the greatest common factor of 228 and 2204?
76
What is the highest common divisor of 327 and 1417?
109
What is the highest common divisor of 900 and 200?
100
Calculate the greatest common factor of 1539 and 57.
57
What is the highest common factor of 79 and 632?
79
Calculate the greatest common divisor of 17808 and 36.
12
Calculate the greatest common factor of 826 and 295.
59
Calculate the greatest common factor of 1333 and 129.
43
Calculate the greatest common divisor of 2919 and 63.
21
What is the greatest common divisor of 120 and 2472?
24
Calculate the greatest common divisor of 588 and 56.
28
Calculate the greatest common divisor of 139292 and 194.
194
What is the highest common factor of 6 and 12?
6
What is the highest common factor of 750 and 6?
6
Calculate the highest common divisor of 4752 and 18.
18
What is the highest common factor of 4802 and 98?
98
Calculate the greatest common factor of 26 and 2587.
13
What is the highest common factor of 136 and 102?
34
Calculate the highest common factor of 36 and 64.
4
What is the greatest common factor of 48 and 2512?
16
What is the highest common divisor of 1045 and 95?
95
What is the greatest common divisor of 27 and 279?
9
Calculate the highest common factor of 126 and 112.
14
Calculate the greatest common divisor of 12213 and 9.
9
What is the greatest common divisor of 13 and 2249?
13
Calculate the greatest common divisor of 3258 and 18.
18
What is the highest common divisor of 43 and 4601?
43
What is the greatest common factor of 201 and 3?
3
Calculate the highest common divisor of 1132 and 4.
4
What is the greatest common factor of 45 and 2715?
15
Calculate the greatest common divisor of 345 and 75.
15
Calculate the greatest common factor of 138 and 92.
46
What is the highest common factor of 154 and 2926?
154
Calculate the greatest common factor of 8023 and 226.
113
Calculate the greatest common factor of 495 and 55.
55
Calculate the highest common divisor of 207 and 667.
23
Calculate the greatest common divisor of 5943 and 21.
21
What is the highest common divisor of 10 and 3865?
5
Calculate the highest common divisor of 45 and 50.
5
What is the greatest common divisor of 14 and 266?
14
What is the highest common factor of 1280 and 50?
10
Calculate the greatest common factor of 756 and 6.
6
Calculate the greatest common divisor of 63 and 315.
63
What is the greatest common divisor of 19 and 247?
19
Calculate the greatest common factor of 45 and 585.
45
Calculate the highest common factor of 297 and 1161.
27
Calculate the greatest common factor of 1064 and 76.
76
Calculate the greatest common divisor of 13 and 5057.
13
Calculate the greatest common factor of 1036 and 70.
14
What is the highest common factor of 17838 and 9?
9
What is the greatest common divisor of 25 and 13?
1
What is the highest common factor of 18 and 738?
18
What is the greatest common divisor of 2509 and 3281?
193
What is the highest common divisor of 57 and 6?
3
Calculate the greatest common divisor of 64 and 736.
32
What is the greatest common factor of 1060 and 680?
20
Calculate the greatest common divisor of 14 and 4396.
14
Calculate the highest common divisor of 30 and 1605.
15
Calculate the greatest common divisor of 11 and 891.
11
What is the greatest common divisor of 20 and 3320?
20
Calculate the highest common factor of 817 and 129.
43
What is the highest common divisor of 23 and 621?
23
Calculate the greatest common divisor of 63 and 17703.
63
Calculate the greatest common factor of 10344 and 24.
24
What is the greatest common factor of 15 and 285?
15
Calculate the highest common divisor of 18 and 6.
6
What is the highest common factor of 1228 and 140?
4
What is the highest common divisor of 17 and 425?
17
Calculate the highest common factor of 255 and 30.
15
Calculate the highest common divisor of 66 and 44.
22
What is the greatest common divisor of 225 and 153?
9
What is the greatest common factor of 10384 and 708?
236
What is the greatest common factor of 382 and 5539?
191
What is the greatest common divisor of 270 and 4509?
27
What is the greatest common divisor of 152 and 209?
19
Calculate the highest common divisor of 35 and 35.
35
What is the greatest common divisor of 132 and 156?
12
What is the highest common factor of 51 and 1?
1
Calculate the highest common divisor of 160 and 28800.
160
Calculate the greatest common divisor of 26 and 6.
2
Calculate the highest common factor of 351 and 572.
13
What is the greatest common divisor of 308 and 679?
7
What is the highest common divisor of 83 and 581?
83
Calculate the highest common factor of 18 and 1110.
6
Calculate the greatest common divisor of 108 and 342.
18
Calculate the highest common factor of 225 and 1080.
45
What is the greatest common divisor of 24 and 204?
12
What is the highest common factor of 602 and 112?
14
Calculate the greatest common factor of 1359 and 117.
9
Calculate the highest common divisor of 2888 and 18411.
361
What is the highest common divisor of 5710 and 10?
10
What is the highest common factor of 19 and 3059?
19
Calculate the greatest common factor of 477 and 212.
53
What is the highest common factor of 2 and 4?
2
What is the highest common divisor of 352 and 288?
32
What is the greatest common factor of 44825 and 25?
25
What is the highest common divisor of 2 and 1874?
2
What is the highest commo